{"id":280,"date":"2017-06-09T13:03:29","date_gmt":"2017-06-09T19:03:29","guid":{"rendered":"http:\/\/www.stanthonysdenver.org\/es\/?page_id=280"},"modified":"2017-06-09T13:05:43","modified_gmt":"2017-06-09T19:05:43","slug":"ministerio-a-domicilio","status":"publish","type":"page","link":"https:\/\/www.stanthonysdenver.org\/es\/comunidad\/ministerios\/ministerio-a-domicilio\/","title":{"rendered":"Ministerio a domicilio"},"content":{"rendered":"<p><em>&#8220;Ellos responder\u00e1n y dir\u00e1n: &#8216;Se\u00f1or, \u00bfcu\u00e1ndo te vimos hambriento o sediento, o un extra\u00f1o, o desnudo, enfermo o en la c\u00e1rcel, y no servimos a tus necesidades?&#8217; \u00c9l les responder\u00e1: &#8216;Am\u00e9n, les digo que lo que ustedes no hicieron por uno de estos m\u00e1s peque\u00f1os, no lo hicieron por m\u00ed&#8217; &#8220;.<\/em> Mateo 24: 44-45<\/p>\n<p><em>&#8220;Si usted tiene una persona enferma o solitaria en su casa, est\u00e9 all\u00ed. Tal vez s\u00f3lo para tener una mano, tal vez s\u00f3lo para dar una sonrisa, que es el m\u00e1s grande, el trabajo m\u00e1s hermoso. &#8220;<\/em>&#8211; Bendita Madre Teresa de Calcuta<\/p>\n<p>Una manera para que crezcamos en nuestra habilidad para amar y ser amados es derramarnos en el servicio a otra persona, como un regalo. El Ministerio para el Homebound es una excelente oportunidad. Tomar tiempo para conocer a un compa\u00f1ero cristiano, para poder orar con ellos y para ellos en su viaje es una de las grandes bendiciones de nuestra comunidad.<\/p>\n<p>Al Ministro a los medios de Homebound para tomar entre 30 minutos a una hora para visitar a alguien que est\u00e1 demasiado enfermo o fr\u00e1gil para asistir a la misa. Es una oportunidad para llegar a otro miembro de nuestra comunidad que est\u00e1 en necesidad, para llevarles la Eucarist\u00eda, y para visitarlos.<\/p>\n<p><strong>\u00bfQu\u00e9 implica esto?<\/strong><br \/>\nDespu\u00e9s de la Misa dominical, llevar la Eucarist\u00eda a uno de los ancianos o enfermos de nuestra parroquia que no puede asistir a misa. Estos ministros comparten las lecturas con, oran y distribuyen la Sagrada Comuni\u00f3n a los enfermos.<\/p>\n<p><strong>\u00bfQu\u00e9 tipo de capacitaci\u00f3n est\u00e1 involucrada?<\/strong><br \/>\nUsted debe ser mandado como un ministro extraordinario de la Eucarist\u00eda. Esto significa que debes haber recibido los sacramentos del Bautismo, la Confirmaci\u00f3n y la Eucarist\u00eda. Adem\u00e1s, los ministros extraordinarios deben estar bien formados y serios acerca de su fe, afirmar p\u00fablicamente el magisterio de la Iglesia, estar en buena posici\u00f3n en la Iglesia y, si est\u00e1n casados, en una situaci\u00f3n matrimonial regular.<\/p>\n<p>Si usted cumple con estas calificaciones, debe ser entrenado como un ministro extraordinario y luego mandado por el Arzobispo,<\/p>\n<p><strong>\u00bfQu\u00e9 pasa si no estoy listo para ese tipo de formaci\u00f3n?<\/strong><br \/>\nTambi\u00e9n tenemos dos hogares de ancianos en nuestra comunidad. Actualmente, s\u00f3lo podemos ofrecer un servicio de comuni\u00f3n en una de estas casas. Necesitamos voluntarios para venir y ayudarnos a reunir a los residentes, y ayudar en un servicio de comuni\u00f3n. Esto requiere un m\u00ednimo de entrenamiento en el trabajo y ser\u00eda una gran ayuda para nuestro actual ministerio de hogar, y es una gran manera de conseguir sus pies mojados en el ministerio de homebound!<\/p>\n","protected":false},"excerpt":{"rendered":"<p>&#8220;Ellos responder\u00e1n y dir\u00e1n: &#8216;Se\u00f1or, \u00bfcu\u00e1ndo te vimos hambriento o sediento, o un extra\u00f1o, o desnudo, enfermo o en la c\u00e1rcel, y no servimos a tus necesidades?&#8217; \u00c9l les responder\u00e1: &#8216;Am\u00e9n, les digo que lo que ustedes no hicieron por uno de estos m\u00e1s peque\u00f1os, no lo hicieron por m\u00ed&#8217; &#8220;. Mateo 24: 44-45 &#8220;Si &hellip; <\/p>\n<p class=\"link-more\"><a href=\"https:\/\/www.stanthonysdenver.org\/es\/comunidad\/ministerios\/ministerio-a-domicilio\/\" class=\"more-link\">Continuar leyendo<span class=\"screen-reader-text\"> &#8220;Ministerio a domicilio&#8221;<\/span><\/a><\/p>\n","protected":false},"author":1,"featured_media":0,"parent":205,"menu_order":3,"comment_status":"closed","ping_status":"closed","template":"","meta":{"_mi_skip_tracking":false,"_exactmetrics_sitenote_active":false,"_exactmetrics_sitenote_note":"","_exactmetrics_sitenote_category":0,"ngg_post_thumbnail":0,"spay_email":""},"jetpack_sharing_enabled":true,"jetpack_shortlink":"https:\/\/wp.me\/P8P0id-4w","jetpack-related-posts":[{"id":164,"url":"https:\/\/www.stanthonysdenver.org\/es\/clero-y-seminaristas\/","url_meta":{"origin":280,"position":0},"title":"Clero y seminaristas","date":"6 junio, 2017","format":false,"excerpt":"Actualmente, nuestra parroquia es atendida por tres sacerdotes y un di\u00e1cono. Ven y con\u00f3celos mejor. Padre Arturo Chagala - Pastor (Esta informaci\u00f3n a\u00fan no ha sido proporcionada). Padre Miljenko Pavkovic - Vicario (Esta informaci\u00f3n a\u00fan no ha sido proporcionada). Padre Pedro Urban - Jubilado Hay dos palabras que el padre\u2026","rel":"","context":"Entrada similar ","img":{"alt_text":"","src":"https:\/\/i0.wp.com\/www.stanthonysdenver.org\/es\/wp-content\/uploads\/sites\/2\/2022\/08\/Arturo-300x300-1.jpg?resize=350%2C200","width":350,"height":200},"classes":[]},{"id":126,"url":"https:\/\/www.stanthonysdenver.org\/es\/comunidad\/grupos\/alar-y-rosario\/","url_meta":{"origin":280,"position":1},"title":"Alar y Rosario","date":"8 junio, 2017","format":false,"excerpt":"\u00bfQu\u00e9 es la Sociedad del Altar y el Rosario? La Sociedad Altar y Rosario es un grupo de voluntarios que ayudan a la iglesia de muchas maneras. Ha sido de servicio a la iglesia de San Antonio de Padua por m\u00e1s de 50 a\u00f1os. \u00bfCu\u00e1ndo se re\u00fane la Sociedad? Las\u2026","rel":"","context":"Entrada similar ","img":{"alt_text":"","src":"","width":0,"height":0},"classes":[]},{"id":140,"url":"https:\/\/www.stanthonysdenver.org\/es\/comunidad\/grupos\/consejo-de-los-caballeros-de-colon-4796\/","url_meta":{"origin":280,"position":2},"title":"Consejo de los Caballeros de Col\u00f3n 4796","date":"8 junio, 2017","format":false,"excerpt":"Qu\u00e9 Hacemos \u00bfUsted y su familia han visto alguna vez la transmisi\u00f3n de la misa de medianoche del Papa Juan Pablo II en la Bas\u00edlica de San Pedro en Roma en Nochebuena? Bueno, los Caballeros de Col\u00f3n son la organizaci\u00f3n que suscribe los costos de radiodifusi\u00f3n televisiva desde el Vaticano,\u2026","rel":"","context":"Entrada similar ","img":{"alt_text":"","src":"","width":0,"height":0},"classes":[]},{"id":132,"url":"https:\/\/www.stanthonysdenver.org\/es\/comunidad\/grupos\/comunicaciones\/","url_meta":{"origin":280,"position":3},"title":"Comunicaciones","date":"8 junio, 2017","format":false,"excerpt":"Oraci\u00f3n a San Gabriel - Patrona de los Trabajadores de la Comunicaci\u00f3n. \"Oh Dios, que de entre todos tus \u00e1ngeles escogiste al Arc\u00e1ngel Gabriel para anunciar el misterio de la Encarnaci\u00f3n, concede misericordiosamente que nosotros que proclamamos el mensaje de tu Evangelio en la tierra, podamos sentir el beneficio de\u2026","rel":"","context":"Entrada similar ","img":{"alt_text":"","src":"","width":0,"height":0},"classes":[]},{"id":136,"url":"https:\/\/www.stanthonysdenver.org\/es\/comunidad\/grupos\/adoracion-eucaristica\/","url_meta":{"origin":280,"position":4},"title":"Adoraci\u00f3n Eucar\u00edstica","date":"8 junio, 2017","format":false,"excerpt":"San Pablo Juan Pablo II dijo: \"S\u00e9 una gu\u00eda de Cristo para nosotros, Mar\u00eda\" (Toronto, 1984). As\u00ed como el Esp\u00edritu Santo llen\u00f3 a Isabel cuando oy\u00f3 el saludo de Mar\u00eda en la Visitaci\u00f3n, nosotros tambi\u00e9n somos llamados a responder a la invitaci\u00f3n de Dios. \"Mi alma proclama la grandeza del\u2026","rel":"","context":"Entrada similar ","img":{"alt_text":"","src":"","width":0,"height":0},"classes":[]},{"id":165,"url":"https:\/\/www.stanthonysdenver.org\/es\/inicio\/inicio\/","url_meta":{"origin":280,"position":5},"title":"Inicio","date":"6 junio, 2017","format":false,"excerpt":"SeptiembreEl oto\u00f1o ya est\u00e1 aqu\u00ed y es hora de prepararse para el pr\u00f3ximo invierno. \u00a0 Bienvenidos a la Iglesia Cat\u00f3lica San Antonio de Padua. Le invitamos a mirar alrededor y tener una idea de nuestra iglesia. Como la primera iglesia, la Iglesia de San Antonio es una comunidad bicultural. En\u2026","rel":"","context":"Entrada similar ","img":{"alt_text":"","src":"https:\/\/i1.wp.com\/www.stanthonysdenver.org\/es\/wp-content\/uploads\/sites\/2\/2022\/09\/September2022-1.jpg?resize=350%2C200&ssl=1","width":350,"height":200},"classes":[]}],"_links":{"self":[{"href":"https:\/\/www.stanthonysdenver.org\/es\/wp-json\/wp\/v2\/pages\/280"}],"collection":[{"href":"https:\/\/www.stanthonysdenver.org\/es\/wp-json\/wp\/v2\/pages"}],"about":[{"href":"https:\/\/www.stanthonysdenver.org\/es\/wp-json\/wp\/v2\/types\/page"}],"author":[{"embeddable":true,"href":"https:\/\/www.stanthonysdenver.org\/es\/wp-json\/wp\/v2\/users\/1"}],"replies":[{"embeddable":true,"href":"https:\/\/www.stanthonysdenver.org\/es\/wp-json\/wp\/v2\/comments?post=280"}],"version-history":[{"count":1,"href":"https:\/\/www.stanthonysdenver.org\/es\/wp-json\/wp\/v2\/pages\/280\/revisions"}],"predecessor-version":[{"id":281,"href":"https:\/\/www.stanthonysdenver.org\/es\/wp-json\/wp\/v2\/pages\/280\/revisions\/281"}],"up":[{"embeddable":true,"href":"https:\/\/www.stanthonysdenver.org\/es\/wp-json\/wp\/v2\/pages\/205"}],"wp:attachment":[{"href":"https:\/\/www.stanthonysdenver.org\/es\/wp-json\/wp\/v2\/media?parent=280"}],"curies":[{"name":"wp","href":"https:\/\/api.w.org\/{rel}","templated":true}]}}

<p><em>&#8220;Ellos responderán y dirán: &#8216;Señor, ¿cuándo te vimos hambriento o sediento, o un extraño, o desnudo, enfermo o en la cárcel, y no servimos a tus necesidades?&#8217; Él les responderá: &#8216;Amén, les digo que lo que ustedes no hicieron por uno de estos más pequeños, no lo hicieron por mí&#8217; &#8220;.</em> Mateo 24: 44-45</p>
<p><em>&#8220;Si usted tiene una persona enferma o solitaria en su casa, esté allí. Tal vez sólo para tener una mano, tal vez sólo para dar una sonrisa, que es el más grande, el trabajo más hermoso. &#8220;</em>&#8211; Bendita Madre Teresa de Calcuta</p>
<p>Una manera para que crezcamos en nuestra habilidad para amar y ser amados es derramarnos en el servicio a otra persona, como un regalo. El Ministerio para el Homebound es una excelente oportunidad. Tomar tiempo para conocer a un compañero cristiano, para poder orar con ellos y para ellos en su viaje es una de las grandes bendiciones de nuestra comunidad.</p>
<p>Al Ministro a los medios de Homebound para tomar entre 30 minutos a una hora para visitar a alguien que está demasiado enfermo o frágil para asistir a la misa. Es una oportunidad para llegar a otro miembro de nuestra comunidad que está en necesidad, para llevarles la Eucaristía, y para visitarlos.</p>
<p><strong>¿Qué implica esto?</strong><br />
Después de la Misa dominical, llevar la Eucaristía a uno de los ancianos o enfermos de nuestra parroquia que no puede asistir a misa. Estos ministros comparten las lecturas con, oran y distribuyen la Sagrada Comunión a los enfermos.</p>
<p><strong>¿Qué tipo de capacitación está involucrada?</strong><br />
Usted debe ser mandado como un ministro extraordinario de la Eucaristía. Esto significa que debes haber recibido los sacramentos del Bautismo, la Confirmación y la Eucaristía. Además, los ministros extraordinarios deben estar bien formados y serios acerca de su fe, afirmar públicamente el magisterio de la Iglesia, estar en buena posición en la Iglesia y, si están casados, en una situación matrimonial regular.</p>
<p>Si usted cumple con estas calificaciones, debe ser entrenado como un ministro extraordinario y luego mandado por el Arzobispo,</p>
<p><strong>¿Qué pasa si no estoy listo para ese tipo de formación?</strong><br />
También tenemos dos hogares de ancianos en nuestra comunidad. Actualmente, sólo podemos ofrecer un servicio de comunión en una de estas casas. Necesitamos voluntarios para venir y ayudarnos a reunir a los residentes, y ayudar en un servicio de comunión. Esto requiere un mínimo de entrenamiento en el trabajo y sería una gran ayuda para nuestro actual ministerio de hogar, y es una gran manera de conseguir sus pies mojados en el ministerio de homebound!</p>

<p>&#8220;Ellos responderán y dirán: &#8216;Señor, ¿cuándo te vimos hambriento o sediento, o un extraño, o desnudo, enfermo o en la cárcel, y no servimos a tus necesidades?&#8217; Él les responderá: &#8216;Amén, les digo que lo que ustedes no hicieron por uno de estos más pequeños, no lo hicieron por mí&#8217; &#8220;. Mateo 24: 44-45 &#8220;Si &hellip; </p>
<p class="link-more"><a href="https://www.stanthonysdenver.org/es/comunidad/ministerios/ministerio-a-domicilio/" class="more-link">Continuar leyendo<span class="screen-reader-text"> &#8220;Ministerio a domicilio&#8221;</span></a></p>

Actualmente, nuestra parroquia es atendida por tres sacerdotes y un diácono. Ven y conócelos mejor. Padre Arturo Chagala - Pastor (Esta información aún no ha sido proporcionada). Padre Miljenko Pavkovic - Vicario (Esta información aún no ha sido proporcionada). Padre Pedro Urban - Jubilado Hay dos palabras que el padre…

¿Qué es la Sociedad del Altar y el Rosario? La Sociedad Altar y Rosario es un grupo de voluntarios que ayudan a la iglesia de muchas maneras. Ha sido de servicio a la iglesia de San Antonio de Padua por más de 50 años. ¿Cuándo se reúne la Sociedad? Las…

Consejo de los Caballeros de Colón 4796

Qué Hacemos ¿Usted y su familia han visto alguna vez la transmisión de la misa de medianoche del Papa Juan Pablo II en la Basílica de San Pedro en Roma en Nochebuena? Bueno, los Caballeros de Colón son la organización que suscribe los costos de radiodifusión televisiva desde el Vaticano,…

Oración a San Gabriel - Patrona de los Trabajadores de la Comunicación. "Oh Dios, que de entre todos tus ángeles escogiste al Arcángel Gabriel para anunciar el misterio de la Encarnación, concede misericordiosamente que nosotros que proclamamos el mensaje de tu Evangelio en la tierra, podamos sentir el beneficio de…

Adoración Eucarística

San Pablo Juan Pablo II dijo: "Sé una guía de Cristo para nosotros, María" (Toronto, 1984). Así como el Espíritu Santo llenó a Isabel cuando oyó el saludo de María en la Visitación, nosotros también somos llamados a responder a la invitación de Dios. "Mi alma proclama la grandeza del…

SeptiembreEl otoño ya está aquí y es hora de prepararse para el próximo invierno.   Bienvenidos a la Iglesia Católica San Antonio de Padua. Le invitamos a mirar alrededor y tener una idea de nuestra iglesia. Como la primera iglesia, la Iglesia de San Antonio es una comunidad bicultural. En…
